{"id":68,"date":"2017-01-18T10:05:27","date_gmt":"2017-01-18T10:05:27","guid":{"rendered":"https:\/\/ijpucnikwordpress.wordpress.com\/?page_id=68"},"modified":"2023-12-12T11:35:01","modified_gmt":"2023-12-12T10:35:01","slug":"organiziranost","status":"publish","type":"page","link":"https:\/\/institutpucnik.si\/?page_id=68","title":{"rendered":"Organiziranost"},"content":{"rendered":"<p>In\u0161titut dr. Jo\u017eeta Pu\u010dnika je ustanovljen kot zavod v skladu z zakonodajo, ki ureja podro\u010dje zavodov.<\/p>\n<p>Organi in\u0161tituta so:<\/p>\n<p><strong>Ustanovitelj:<\/strong><\/p>\n<p>Gorazd Pu\u010dnik<\/p>\n<p><b>Svet zavoda<\/b><\/p>\n<p>Svet sestavlja sedem \u010dlanov, predsednica sveta je <b>dr. Andreja Vali\u010d Zver<\/b>. <b><\/b><\/p>\n<p><strong>\u010clani sveta<\/strong>:<\/p>\n<p>Dr. Andreja Vali\u010d Zver<\/p>\n<p>Mag. Iva Pu\u010dnik Ozimi\u010d<\/p>\n<p>Janez Me\u017ean<\/p>\n<p>Viktorija Dolinar<\/p>\n<p>Zvone \u010cerna\u010d<\/p>\n<p>Metod Berlec<\/p>\n<p><b>\u010clani upravnega odbora:<br \/>\n<\/b><\/p>\n<p>Kek Polona<\/p>\n<p>Kova\u010di\u010d Dimitrij<\/p>\n<p>Zadrgal Drago<\/p>\n<p><strong>\u010clani akademskega sveta:<\/strong><\/p>\n<p>Dr. Matev\u017e Tom\u0161i\u010d (predsednik akademskega sveta)<\/p>\n<p>Akad. Dr. Janko Kos<\/p>\n<p>Dr. Tamara Griesser Pe\u010dar<\/p>\n<p>Dr. Tone Jerov\u0161ek<\/p>\n<p>Margarita Maria Dolinar<\/p>\n<p>Dr. Vasko Simoniti<\/p>\n<p>Mag. Lojze Dolinar<\/p>\n<p><b>V.d. direktor<\/b>\u00a0In\u0161tituta dr. Jo\u017ee Pu\u010dnika je<b> Dominik \u0160trakl.<br \/>\n<\/b><\/p>\n","protected":false},"excerpt":{"rendered":"<p>In\u0161titut dr. Jo\u017eeta Pu\u010dnika je ustanovljen kot zavod v skladu z zakonodajo, ki ureja podro\u010dje zavodov. Organi in\u0161tituta so: Ustanovitelj: Gorazd Pu\u010dnik Svet zavoda Svet sestavlja sedem \u010dlanov, predsednica sveta je dr. Andreja Vali\u010d Zver.&hellip; <a href=\"https:\/\/institutpucnik.si\/?page_id=68\">More<\/a><\/p>\n","protected":false},"author":2,"featured_media":0,"parent":0,"menu_order":0,"comment_status":"closed","ping_status":"closed","template":"","meta":{"footnotes":""},"_links":{"self":[{"href":"https:\/\/institutpucnik.si\/index.php?rest_route=\/wp\/v2\/pages\/68"}],"collection":[{"href":"https:\/\/institutpucnik.si\/index.php?rest_route=\/wp\/v2\/pages"}],"about":[{"href":"https:\/\/institutpucnik.si\/index.php?rest_route=\/wp\/v2\/types\/page"}],"author":[{"embeddable":true,"href":"https:\/\/institutpucnik.si\/index.php?rest_route=\/wp\/v2\/users\/2"}],"replies":[{"embeddable":true,"href":"https:\/\/institutpucnik.si\/index.php?rest_route=%2Fwp%2Fv2%2Fcomments&post=68"}],"version-history":[{"count":5,"href":"https:\/\/institutpucnik.si\/index.php?rest_route=\/wp\/v2\/pages\/68\/revisions"}],"predecessor-version":[{"id":545,"href":"https:\/\/institutpucnik.si\/index.php?rest_route=\/wp\/v2\/pages\/68\/revisions\/545"}],"wp:attachment":[{"href":"https:\/\/institutpucnik.si\/index.php?rest_route=%2Fwp%2Fv2%2Fmedia&parent=68"}],"curies":[{"name":"wp","href":"https:\/\/api.w.org\/{rel}","templated":true}]}}