{"id":19,"date":"2016-09-21T09:00:04","date_gmt":"2016-09-21T09:00:04","guid":{"rendered":"https:\/\/ijpucnikwordpress.wordpress.com\/?page_id=19"},"modified":"2017-03-08T12:13:34","modified_gmt":"2017-03-08T12:13:34","slug":"welcome","status":"publish","type":"page","link":"https:\/\/institutpucnik.si\/","title":{"rendered":"Demokracija potrebuje politi\u010dno kulturo."},"content":{"rendered":"<p><img loading=\"lazy\" decoding=\"async\" class=\" wp-image-171 aligncenter\" src=\"https:\/\/institutpucnik.si\/wp-content\/uploads\/2017\/03\/paralex_page-700x300-300x129.png\" alt=\"\" width=\"572\" height=\"246\" srcset=\"https:\/\/institutpucnik.si\/wp-content\/uploads\/2017\/03\/paralex_page-700x300-300x129.png 300w, https:\/\/institutpucnik.si\/wp-content\/uploads\/2017\/03\/paralex_page-700x300.png 700w\" sizes=\"(max-width: 572px) 100vw, 572px\" \/><\/p>\n<p style=\"text-align: center;\">In\u0161titut nosi ime po dr. Jo\u017eetu Pu\u010dniku (1932\u20132003), mislecu in politiku, osrednjem utemeljitelju slovenske demokracije in dr\u017eave. Po izobrazbi doktor filozofije in sociologije ter profesor svetovne knji\u017eevnosti, po politi\u010dnem prepri\u010danju pa evropski demokrat in nasprotnik slehernega totalitarizma, je Jo\u017ee Pu\u010dnik s svojim \u017eivljenjem in delovanjem odlo\u010dilno vplival na razvoj Slovenije v svobodno in odprto dru\u017ebo.<\/p>\n<p style=\"text-align: center;\">In\u0161titut dr. Jo\u017eeta Pu\u010dnikaje bil ustanovljen leta 2006 kot zavod z namenom zdru\u017eevanja izobra\u017eencev, znanstvenikov, umetnikov, politikov in strokovnjakov z razli\u010dnih podro\u010dij s ciljem dvigovanja politi\u010dne kulture v Sloveniji.<\/p>\n<p style=\"text-align: center;\">S svojo dejavnostjo \u017eeli IJP spodbujati in podpirati svobodno izmenjavo mnenj do klju\u010dnih vpra\u0161anj v sodobni dru\u017ebi, ki so pomembna za razvoj demokrati\u010dne misli.<\/p>\n<p style=\"text-align: center;\"><strong>IJP si v skladu z na\u010deli mi\u0161ljenja in politi\u010dnega dela dr. Jo\u017eeta Pu\u010dnika prizadeva:<\/strong><\/p>\n<ul>\n<li>za uveljavljanje visokih standardov evropske politi\u010dne kulture v Sloveniji,<\/li>\n<li>za demokrati\u010dno in odprto dru\u017ebo,<\/li>\n<li>za dru\u017ebo slovenskih in evropskih vrednot,<\/li>\n<li>za toleranco in sporazumevanje v javnem \u017eivljenju,<\/li>\n<li>za pospe\u0161evanje pluralne politi\u010dne, kulturne in znanstvene ustvarjalnosti,<\/li>\n<li>za stabilizacijo Evrope s \u0161iritvijo Evropske unije in podporo demokrati\u010dnim silam na poti v Unijo;<\/li>\n<li>za povezovanje tistih politi\u010dnih kulturnih in znanstvenih skupin ter posameznikov v Evropi in svetu, ki jih dru\u017eijo na\u010dela demokrati\u010dne, odprte in solidarne dru\u017ebe.<\/li>\n<\/ul>\n<p><strong>Te svoje cilje \u017eeli IJP dose\u010di z:<\/strong><\/p>\n<ul>\n<li>izobra\u017eevanjem dr\u017eavljanov, ki se ukvarjajo z javnim delovanjem s posredovanjem moderne politi\u010dne izobrazbe, temelje\u010de na novih metodi\u010dnih, didakti\u010dnih in pedago\u0161kih spoznanjih;<\/li>\n<li>z organizacijo javnih debat in drugih oblik izmenjave mnenj;<\/li>\n<li>s posredovanjem doma\u010dih in mednarodnih ekspertiz k pere\u010dimi politi\u010dnim in dru\u017ebenim vpra\u0161anjem (<em>think tank<\/em>);<\/li>\n<li>s podporo kulturni in znanstveni ustvarjalnosti;<\/li>\n<li>s politi\u010dnim dialogom razli\u010dno misle\u010dih o dru\u017ebeno relevantnih temah na javnih prireditvah, v medijih in publikacijah;<\/li>\n<li>z mednarodnimi povezavami in izmenjavami,<\/li>\n<li>z izdajanjem knjig in drugih publikacij o kulturi in dru\u017ebi.<\/li>\n<\/ul>\n","protected":false},"excerpt":{"rendered":"<p>This is the home page&#8217;s excerpt<\/p>\n","protected":false},"author":2,"featured_media":0,"parent":0,"menu_order":1,"comment_status":"closed","ping_status":"closed","template":"","meta":{"footnotes":""},"_links":{"self":[{"href":"https:\/\/institutpucnik.si\/index.php?rest_route=\/wp\/v2\/pages\/19"}],"collection":[{"href":"https:\/\/institutpucnik.si\/index.php?rest_route=\/wp\/v2\/pages"}],"about":[{"href":"https:\/\/institutpucnik.si\/index.php?rest_route=\/wp\/v2\/types\/page"}],"author":[{"embeddable":true,"href":"https:\/\/institutpucnik.si\/index.php?rest_route=\/wp\/v2\/users\/2"}],"replies":[{"embeddable":true,"href":"https:\/\/institutpucnik.si\/index.php?rest_route=%2Fwp%2Fv2%2Fcomments&post=19"}],"version-history":[{"count":4,"href":"https:\/\/institutpucnik.si\/index.php?rest_route=\/wp\/v2\/pages\/19\/revisions"}],"predecessor-version":[{"id":172,"href":"https:\/\/institutpucnik.si\/index.php?rest_route=\/wp\/v2\/pages\/19\/revisions\/172"}],"wp:attachment":[{"href":"https:\/\/institutpucnik.si\/index.php?rest_route=%2Fwp%2Fv2%2Fmedia&parent=19"}],"curies":[{"name":"wp","href":"https:\/\/api.w.org\/{rel}","templated":true}]}}