{"id":104,"date":"2017-02-01T08:37:09","date_gmt":"2017-02-01T08:37:09","guid":{"rendered":"https:\/\/ijpucnikwordpress.wordpress.com\/?page_id=104"},"modified":"2018-03-19T09:42:09","modified_gmt":"2018-03-19T09:42:09","slug":"pucnikovo-priznanje","status":"publish","type":"page","link":"https:\/\/institutpucnik.si\/?page_id=104","title":{"rendered":"Prejemniki Pu\u010dnikove plakete"},"content":{"rendered":"<div id=\"js_e\" class=\"_5pbx userContent _22jv _3576\" data-ft=\"{&quot;tn&quot;:&quot;K&quot;}\">\n<p>Z namenom spodbujanja razvoja demokracije in demokrati\u010dne politi\u010dne kulture v Sloveniji, In\u0161titut dr. Jo\u017eeta Pu\u010dnika podeljuje vsakoletno Pu\u010dnikovo plaketo za prispevek k razvoju demokracije v Sloveniji. Nagrada se podeli vsako leto na mar\u010devskih Pu\u010dnikovih dnevih.<\/p>\n<p>Nominirani so lahko posamezniki, ki so s svojim politi\u010dnim ali strokovnim delovanjem prispevali k razvoju demokracije v Sloveniji. Izjemoma so lahko prejemniki plakete tudi organizacije in ustanove.<\/p>\n<p>Plaketa se podeljuje:<br \/>\nza izjemne dose\u017eke pri vzpostavljanju in utrjevanju demokrati\u010dnih politi\u010dnih organizacij in ustanov v Sloveniji, za izjemna prizadevanja za rast demokrati\u010dne politi\u010dne kulture, za izjemne dose\u017eke na podro\u010dju politike, kulture, znanosti in drugih podro\u010djih, ki so prispevali k utrjevanju slovenske dr\u017eave.<\/p>\n<p><strong>Dobitniki Pu\u010dnikove plakete za prispevek k razvoju demokracije v Sloveniji:<\/strong><\/p>\n<p>Drago \u0160toka (2016)<\/p>\n<p>Dr. Ljubo Sirc, posthumno (2017)<\/p>\n<p>Du\u0161an S. Lajovic (2018)<\/p>\n<p>&nbsp;<\/p>\n<\/div>\n","protected":false},"excerpt":{"rendered":"<p>Z namenom spodbujanja razvoja demokracije in demokrati\u010dne politi\u010dne kulture v Sloveniji, In\u0161titut dr. Jo\u017eeta Pu\u010dnika podeljuje vsakoletno Pu\u010dnikovo plaketo za prispevek k razvoju demokracije v Sloveniji. Nagrada se podeli vsako leto na mar\u010devskih Pu\u010dnikovih dnevih.&hellip; <a href=\"https:\/\/institutpucnik.si\/?page_id=104\">More<\/a><\/p>\n","protected":false},"author":2,"featured_media":0,"parent":0,"menu_order":0,"comment_status":"closed","ping_status":"closed","template":"","meta":{"footnotes":""},"_links":{"self":[{"href":"https:\/\/institutpucnik.si\/index.php?rest_route=\/wp\/v2\/pages\/104"}],"collection":[{"href":"https:\/\/institutpucnik.si\/index.php?rest_route=\/wp\/v2\/pages"}],"about":[{"href":"https:\/\/institutpucnik.si\/index.php?rest_route=\/wp\/v2\/types\/page"}],"author":[{"embeddable":true,"href":"https:\/\/institutpucnik.si\/index.php?rest_route=\/wp\/v2\/users\/2"}],"replies":[{"embeddable":true,"href":"https:\/\/institutpucnik.si\/index.php?rest_route=%2Fwp%2Fv2%2Fcomments&post=104"}],"version-history":[{"count":8,"href":"https:\/\/institutpucnik.si\/index.php?rest_route=\/wp\/v2\/pages\/104\/revisions"}],"predecessor-version":[{"id":302,"href":"https:\/\/institutpucnik.si\/index.php?rest_route=\/wp\/v2\/pages\/104\/revisions\/302"}],"wp:attachment":[{"href":"https:\/\/institutpucnik.si\/index.php?rest_route=%2Fwp%2Fv2%2Fmedia&parent=104"}],"curies":[{"name":"wp","href":"https:\/\/api.w.org\/{rel}","templated":true}]}}